 = 45. Let r = j + -19. List the prime factors of r.
3
Let f(v) = 26*v + 9. List the prime factors of f(3).
3, 29
Let h(i) = 1 + 1 - 2*i + 3*i**2 + 8 - 4*i**2. Let o be h(-8). What are the prime factors of 2/(-9) - o/9?
2
Suppose -8*f = -4*f - 316. What are the prime factors of f?
79
Suppose -7 = p - 4*c + 27, -5*p = -c + 75. What are the prime factors of (-10)/(-35) - 122/p?
3
Let h = -98 - 22. List the prime factors of 4/14 + h/(-21).
2, 3
Suppose -18*k + 107 = 35. What are the prime factors of k?
2
Let r = 131 + -32. Let t = r - 68. What are the prime factors of t?
31
Let r = 68 - 23. List the prime factors of r.
3, 5
Let z be 4*(1 - 0) + 0. What are the prime factors of (-3)/(0 - z/20)?
3, 5
Suppose 0 = 4*n - r - 1, 5*n + 5*r + 5 = n. Suppose -2*d + 6*d - 3*q + 167 = n, 2*d = q - 81. List the prime factors of (-1)/2 + d/(-4).
3
Suppose -5*g + 10 = 0, 2*p + g + g = 10. Suppose -2*i - p = -25. Suppose -21 - i = -4*d. List the prime factors of d.
2
Let d(w) = w + 11. Let f be d(-8). Suppose q + q = 2*c + 38, 0 = -2*q + f*c + 40. List the prime factors of q.
17
Suppose 5*j - 3*j = 12. Suppose -12 - 6 = 2*n + 4*m, -5*n = -2*m + 9. What are the prime factors of (j/5)/(n/(-20))?
2
List the prime factors of (-13)/26 + (-798)/(-4).
199
Suppose -710 = -4*m + w, -2*m + 5*w - 7*w + 350 = 0. List the prime factors of m.
3, 59
Suppose -4*d + 256 = 4*z, -3*d + 197 = -z + 3*z. List the prime factors of d.
3, 23
Let x(q) = -q**2 + 5*q - 1. Let c be x(4). Let l(w) = 4*w - 3*w - c*w. What are the prime factors of l(-6)?
2, 3
Let q(x) = -x**2 - 7*x + 7. Let c be q(-7). Suppose -c - 5 = -p. List the prime factors of 6/p*(-10)/(-1).
5
Let z be -2 + (-2 - (2 + -3)). List the prime factors of 117/z*1/(-3).
13
Suppose -f - 12 = 2*c, 4*c - 3*c = 4*f + 12. Let t(j) = -8*j + 3. List the prime factors of t(f).
5, 7
Let m(n) be the second derivative of 2*n**3/3 + n**2 + n. Let v be m(2). Let b = v + 1. What are the prime factors of b?
11
What are the prime factors of (-1 - -78) + (3 - 2)?
2, 3, 13
What are the prime factors of -3 + (15 - (3 - 0))?
3
Let k(a) = -222*a + 18. What are the prime factors of k(-1)?
2, 3, 5
Let i = 142 + -82. List the prime factors of i.
2, 3, 5
Let n(h) = -h + 10. Let r be n(11). What are the prime factors of (r/(-2))/(3/156)?
2, 13
Suppose 3*f - 2*j - 4 = 74, -130 = -5*f + 2*j. List the prime factors of f.
2, 13
Suppose -5*a - 27 = -4*m + 3*m, -2*m - 3*a + 41 = 0. What are the prime factors of m?
2, 11
Suppose 282 = 2*w + w. What are the prime factors of w?
2, 47
Let m(p) = -p**3 - 4*p**2 - p - 3. Let r be m(-4). Let l = 4 - r. List the prime factors of 9*2/3*l.
2, 3
Let y(f) = f + 11. Suppose -x = 2*s - 2, 5*s + 2 - 6 = -2*x. Let z be (2/(-3))/(x/18). List the prime factors of y(z).
5
Suppose 2*s = s + 1. Suppose -s = -4*g - 9. What are the prime factors of -34*g/8*2?
17
Let z = -20 + 34. Let y = -2 + 4. Suppose -z = -y*l + 8. List the prime factors of l.
11
Let m = -63 - -95. What are the prime factors of m?
2
Let w = 4 + -1. Let j(r) = r**3 - 3*r**2 + 2*r - 1. Let g be j(w). Suppose -26 = -n + 3*i, -2*i - 36 = 3*n - g*n. What are the prime factors of n?
2, 7
Let q(x) be the third derivative of -x**4/24 + 3*x**3/2 - x**2. What are the prime factors of q(5)?
2
Let z(w) = -w**3 - 6*w**2 - 5*w + 4. Let d be z(-6). Suppose l + d = 4*y, 30 = 4*y + 2*l - l. List the prime factors of y.
2
Let z(v) = -v**2 + 3*v + 2. Let r be z(4). Let t be ((-3)/4)/(r/8). List the prime factors of (-10 + -1)*(2 - t).
11
Suppose -2*t - 3*t + 35 = 0. Suppose 0 = -2*d + t*d - z - 17, 5*z + 1 = 4*d. List the prime factors of d.
2
Suppose -5*g = -4*q - 565, 2*g - 341 = -4*q - 87. What are the prime factors of g?
3, 13
Suppose -5*h = 5*y - 20, 5*h + 4 = y - 12. Suppose -41 = -y*v + 61. What are the prime factors of v?
17
Suppose -4*d = 2*w + d - 321, -3*w + 2*d + 453 = 0. What are the prime factors of w?
3, 17
Let v be (2 + -118)*1*-1. Suppose 0 = -3*x - g + 77, -2*x = 2*x - 2*g - v. Suppose -m - x = -2*t - 6*m, -4*t = -2*m - 42. What are the prime factors of t?
11
Let v be (18/(-12))/((-2)/(-12)). List the prime factors of 6 + v - (-1 - 7).
5
Let x(w) = -w**2 + w - 1. Let h be x(0). Let b(m) = 9*m + 5. Let j(d) = 26*d + 14. Let f(v) = 17*b(v) - 6*j(v). What are the prime factors of f(h)?
2
Suppose -275 = -5*c - 2*j + 1330, -j = -4*c + 1284. List the prime factors of c.
3, 107
Let u = -2 + 14. List the prime factors of u.
2, 3
Suppose 4*p + 2*d - 154 = 0, -3*p - 4*d + 0*d + 113 = 0. List the prime factors of p.
3, 13
Let a(v) = -v**2 + 3*v + 221. List the prime factors of a(0).
13, 17
Suppose -3*z = 3*d + 9, 0 = -0*z - 3*z - 4*d - 14. Suppose z*w - 36 = -0*w. Let j = w + -6. List the prime factors of j.
2, 3
Let w be -9*(3 - (-20)/(-6)). Suppose w*i - 18 = 6. List the prime factors of i.
2
Let i = 32 - -4. What are the prime factors of i?
2, 3
Let z(y) = -y**3 - 5*y**2 - 5*y + 2. Suppose 5*v - 30 = -10. Let j = -8 + v. List the prime factors of z(j).
2, 3
Let m(d) = 4*d**3 - d**2 + d + 2. Let n(r) = 7*r**3 - 3*r**2 + 3*r + 5. Let i(k) = 5*m(k) - 2*n(k). List the prime factors of i(1).
2, 3
Suppose 4*p = 2*g + 28, -p + 0*g + 3*g + 17 = 0. List the prime factors of 26/p + (-5)/25.
5
List the prime factors of (-1)/(2/(-6))*11.
3, 11
Let z(d) = -d**3 - 6*d**2 - 5*d + 6. Let w be z(-5). Let l(j) = -j - 3*j + w*j - 2 - 3*j. What are the prime factors of l(-10)?
2
Let g be 2/5 + 54/(-10). Let y(a) = -a**3 - 3*a**2 + 4*a + 6. List the prime factors of y(g).
2, 3
Suppose 2*w + 2*a + 485 = 7*w, 3*w - 5*a - 272 = 0. What are the prime factors of w?
3, 11
Let j(d) = 2*d**2 + 11*d + 3. List the prime factors of j(-9).
2, 3, 11
Suppose 5*c - 214 - 174 = -2*w, 2*w + 144 = 2*c. Let b = c + -44. What are the prime factors of b?
2
Let k(m) = -m**3 - 2*m**2 + 2. Let h(t) = t**3 - 12*t**2 + 10*t + 9. Let z be h(11). What are the prime factors of k(z)?
2
Suppose 1 = -a + 32. What are the prime factors of a?
31
Let q(h) = -h**3 - 10*h**2 - 8*h + 12. Let k be q(-9). Suppose 163 = k*m + 5*d, -d = 3*m - 54 - 101. Suppose -2*t - t + m = 0. What are the prime factors of t?
17
Let v = -5 + 7. Let w(u) = 4*u. Let r be w(v). Let c = r + -2. List the prime factors of c.
2, 3
Let x(o) = o**3 - 4*o - 3. Let u be x(-3). Let n = 42 + u. What are the prime factors of n?
2, 3
Let c(y) = y**3 - 4*y**2 + 7*y - 15. What are the prime factors of c(6)?
3, 11
Let o = 12 + -8. Suppose 0 = o*z - 15 - 21. List the prime factors of z.
3
Let y be ((-20)/(-2))/((-4)/(-16)). What are the prime factors of ((-3)/2)/((-3)/y)?
2, 5
List the prime factors of -19*(2 + 0 - 1)/(-1).
19
Suppose 53 = i + 3*j, i - 5*j - 51 = -i. What are the prime factors of i?
2, 19
Let n = 12 + -18. Let q(z) = -z. Let y be q(-2). What are the prime factors of (-4 + 1)*n/y?
3
Let n(l) = -l**3 + 9*l**2 - 5*l - 17. What are the prime factors of n(6)?
61
Suppose -15 = -7*n + 2*n. Suppose -n*u = -5*r + 42, -5*r + 24 = -2*u - 14. Suppose -6 = -o + r. What are the prime factors of o?
2, 3
Let y(m) = -m**2 + 4*m + 7. What are the prime factors of y(5)?
2
Let c = -26 + -25. Let k = -28 - c. What are the prime factors of k?
23
Let y = 243 + -155. What are the prime factors of y?
2, 11
Let s be (-18)/9 - (1 + -1). What are the prime factors of (3/(-6))/(s/124)?
31
Suppose -2*f - 139 = 237. List the prime factors of f/(-12) - (-2)/6.
2
Suppose 0*t + 340 = 4*t. List the prime factors of t.
5, 17
Let i(k) = k**3 + 13*k**2 - 4*k - 23. List the prime factors of i(-13).
29
List the prime factors of (15/(-6) - -3)*(83 - -1).
2, 3, 7
Suppose 5*t - i + 188 = 0, -4*t + 0*i - 5*i - 162 = 0. Let c = t - -61. What are the prime factors of c?
23
Suppose 0 = -2*v + 15 + 17. Let w = 1 + -1. Suppose -3*z + w*z - 11 = -2*c, -3*c + 4*z + v = 0. List the prime factors of c.
2
Let d = 175 + -75. List the prime factors of d.
2, 5
Suppose -6 - 2 = -2*a. Let z = -1 + a. Suppose z*l - 25 = 14. What are the prime factors of l?
13
Let o be (-25)/(-10) - 2/4. Suppose -o*q + 4*r + r - 21 = 0, 4*r - 18 = q. Suppose 5 = -k + 5*g, -3*k + 8*k - q*g - 44 = 0. What are the prime factors of k?
2, 5
Let f(p) = 3*p**2 - 27*p + 7. List the prime factors of f(13).
163
Let y(d) = -d**3 + 3*d**2 + 5. List the prime factors of y(3).
5
Suppose 18 = 3*b - 195. Suppose 27 + b = 2*i. List the p